 be (-8 - 8/(-2)) + -1. Give i(n).
-4
Suppose -3*j + c + 2 = 0, -5*c + 0 = 2*j - 24. Suppose 0 = -k - j + 5. Let q(d) = 1 + 1 + d**2 + k*d - 3 - 6*d. Determine q(3).
-1
Suppose -5*m - 16 + 1 = 0. Let b(v) = v**2 - v - 3. Determine b(m).
9
Let p(q) be the first derivative of 5*q**4/4 + q**3/3 - q - 1. Let z be 6/(-2) - 4*-1. Determine p(z).
5
Let w be 2 + 5/((-5)/(-3)). Suppose 4*q = w*q - 4. Let u(d) = -d + 1. Determine u(q).
-3
Let h(j) = -j**3 + 6*j**2 - 6*j. Let f be 4 + 1 + 0/1. Give h(f).
-5
Let c(z) be the first derivative of z**3/3 - 9*z**2/2 + 4*z + 1. Let j be c(9). Let n(k) = j*k**2 + k + k + 2*k**3 - 6*k - 3*k**3. What is n(3)?
-3
Let x be (1*3/(-3))/(6/(-12)). Let n(b) be the first derivative of -4/3*b**3 + 1 + 2*b + 0*b**2. Give n(x).
-14
Let t(s) = 3*s - 2. Suppose -26*m + 23*m - 6 = 0. Calculate t(m).
-8
Let y(j) = 4 + 0*j**2 + 2*j**2 - 1 + 5*j. Suppose -3*p = -2*i + 2*p - 5, 4*i + 5*p - 35 = 0. Suppose -3*o + i*x = 24, o + 9 - 3 = x. Determine y(o).
6
Let d(a) be the first derivative of -a**3/3 + 2*a - 29. What is d(-2)?
-2
Let o(i) = i - 1. Let j be -2*(-1)/(2/8). Suppose -4*s = j - 16. Calculate o(s).
1
Let y = -2 - -1. Let v(m) = m**2 - m. Let h(b) = 6*b**2 - 9*b + 3. Let o(j) = y*h(j) + 5*v(j). What is o(5)?
-8
Let d(u) = 52*u - 2*u**2 - 54*u + u**2. Let n(v) = v**3 + 2*v**2 - 2. Let h = 3 + -5. Let a be n(h). Calculate d(a).
0
Let f(q) be the second derivative of -q**4/3 - q**2/2 - 4*q. Determine f(1).
-5
Let w(z) = -z**2 + z. Let i(h) = -h**3 + 2*h**2 + 4. Let b(v) = -i(v) - 4*w(v). Let q(g) = -g**2 + 2*g**2 + 1 + 6 - 7*g. Let t be q(5). Give b(t).
-1
Let j(g) = -6 + 0*g + g + 3*g + g**2 + 0*g. Let o be (24/(16/4))/(-1). Give j(o).
6
Let u(x) = -25*x**2 + 26*x**2 - 144 + 141 - 3*x. Calculate u(3).
-3
Let d(z) be the second derivative of z**5/20 + z**4/3 - 2*z**3/3 + 2*z**2 + 6*z. Calculate d(-5).
-1
Let a(p) = -p**3 - 4*p**2 + 5*p - 2. Let t(b) = 7*b**2 + 2 + 5 - 2*b - 6 + b**3. Let m be t(-7). Suppose 2*k + k = -m. Give a(k).
-2
Suppose 3*w - 4*q + 1 = -9, 0 = -w - 3*q - 12. Let g = w + 6. Let p(c) = c**2 + 5. Calculate p(g).
5
Suppose 2*w - 6*w = -8. Let y(x) = x + 4 + 2*x**2 - 4 + w*x**3. Let k be ((1 - 0)/1)/(-1). Calculate y(k).
-1
Let u(j) = -j**2 - 6*j + 4. Let g be u(-7). Let c be (2 + g)/(-1 + 0). Let m(v) = v + 0*v + v**2 - 4*v**3 + 2 - c. What is m(-1)?
5
Let p(k) be the first derivative of 4*k**3 - k**2 - k + 11. Give p(-1).
13
Let t(y) = 4*y**3 + y**2 + 6*y + 3. Let o(h) = 11*h**3 + 4*h**2 + 17*h + 9. Let w(c) = -3*o(c) + 8*t(c). Calculate w(-3).
-3
Let k(h) = -h**2 + 12*h + 5. Let w be k(12). Let s(p) = p - 6. What is s(w)?
-1
Let l(i) = -2*i + 5. Let x be (1 + 11)*6/12. Suppose -w - 9 = 2*n, -2*w - 2 - x = -n. Calculate l(w).
15
Let y(b) = -b. Let c be y(4). Let n = 5 + -3. Let t(r) = -r**n - 4*r - 1 + 0 + 2 - 6. Give t(c).
-5
Let f(c) be the second derivative of c**5/20 + c**4/6 - c**3/3 - 3*c**2/2 - 9*c. Determine f(-2).
1
Suppose -3*f + 6 = -12. Let p be (-3)/(9/f + -1). Let h(c) be the third derivative of -c**4/24 + c**3/3 - 10*c**2. Determine h(p).
8
Let z(h) be the second derivative of 0*h**3 + 1/20*h**5 + 0*h**2 + 0 + 1/12*h**4 - 4*h. Calculate z(-2).
-4
Let s(w) = -5*w**2 + 5*w - 1. Let l(o) = -7*o**2 + 8*o - 2. Let x(v) = 5*l(v) - 8*s(v). What is x(2)?
18
Suppose -g + 3*i - 12 = 0, -i + 4 = -2*g + 3*g. Let t(a) = -a**2 - a + 4. Give t(g).
4
Let i be (2/4)/(3/54). Let t = i - 7. Let j(n) = -5*n. What is j(t)?
-10
Let g(q) = -q**2 + 3*q - 3. Suppose -3*a + 0*a = -150. Let n be 1/(-3) + a/15. Calculate g(n).
-3
Suppose 3 = -11*w + 14*w. Let g(z) = -4*z + 2. Let o(k) = -9*k + 5. Let y(t) = 5*g(t) - 2*o(t). Determine y(w).
-2
Let p(x) = -x**3 - 3*x**2 - 2*x - 1. Suppose -4 = -3*q + 5. Let g be (1 - 0) + (-2)/2. Suppose m = -g*m - q. What is p(m)?
5
Let a(t) = -2*t**3 - 3*t**2 - 9*t + 5. Let r(j) = 3*j**3 + 2*j**2 + 9*j - 6. Let m(f) = 4*a(f) + 3*r(f). Determine m(7).
-12
Let d(j) be the third derivative of j**4/24 + 5*j**3/6 + 2*j**2. Let b(s) = -s - 9. Let g(u) = -6*b(u) - 11*d(u). Let x be (-6)/(-8) - (-2)/8. Calculate g(x).
-6
Let i(g) = 3*g**2 - 3*g - 9. Let c(b) = 5*b**2 - 5*b - 14. Let h(d) = 5*c(d) - 8*i(d). Let v = 12 - 10. Determine h(v).
4
Let s(f) = -7 - f - f**2 + 2 - 6*f + 0*f**2. Calculate s(-5).
5
Suppose k + 5 = -2*r + 3*r, 1 = -r - 5*k. Let f(g) = -5 + g**2 + 5 + r - 6*g. Suppose -6 = -0*x + 2*x, d = -2*x - 2. Determine f(d).
-4
Let l(o) = o + 6. Let s be l(-5). Suppose 10 = 2*w + 3*q - q, 4*w - 2*q - 2 = 0. Let a(d) = s - w + d - 2. Give a(3).
0
Let g = 2 + 1. Suppose g*w + t = -2*t + 27, -5*w + t = -21. Let d(v) = -w + 0*v**2 + 2*v**2 - v**3 + 6*v + v**2. Calculate d(4).
3
Let i(m) = -m**2 + 3*m - 2 + 3*m**2 - 3*m**2. Let k be 7 + -4 + (-1)/1. Let l be (-12)/(-8)*4/k. Calculate i(l).
-2
Suppose -2*f + 3*p = 0, -3 = 4*p - 19. Let q(r) = -r**2 + 7*r - 6. Give q(f).
0
Suppose -12 = -4*i + m, -4*i + 2*m = -1 - 11. Suppose 0 = -3*r - 2*r + 10, -n - 5*r + 15 = 0. Let p(z) = 0*z**2 + 0*z**2 + 3 - n*z + 2*z**2. Give p(i).
6
Let h(t) be the second derivative of 1/6*t**3 + 0 - 5*t - 1/2*t**4 + t**2 - 1/20*t**5. Calculate h(-6).
-4
Let d(o) = 7 + o**3 - 13*o**2 - 18*o**2 + 43*o**2. What is d(-12)?
7
Let l be 2/10 - 18/(-10). Let o = l - -2. Let j(w) be the second derivative of -w**3/6 + 3*w**2/2 + 6*w. What is j(o)?
-1
Suppose 3*z = 4*f + 17, -4*z + 0*z - 3*f = -6. Let b(r) = r**3 + 2*r - 5*r**z + 3*r**3. Suppose -2*u + 4*t = 0, -5*t + 0 = -5. Give b(u).
-4
Suppose -23 + 33 = -2*b. Let u(i) = i + 7. What is u(b)?
2
Let g(u) = -u**2 + 4*u + 3. Let n(y) = y**3 + 10*y**2 + 8. Let v be n(-10). Let b(x) = x**2 - 10*x + 19. Let j be b(v). Calculate g(j).
6
Let v be -3*9/(135/(-20)). Let j(f) be the third derivative of f**2 + 0 + 0*f + 1/2*f**3 - 1/4*f**v. Give j(2).
-9
Let c(g) be the first derivative of g**2 + 8*g + 17. What is c(-8)?
-8
Let h(r) = -r**3 + 9*r**2 + r - 13. Let w be h(9). Let v(q) = q**3 + 4*q**2 + 3*q + 4. Calculate v(w).
-8
Let d(s) = 5*s**3 + s. Let u(j) = -j**2 - 16*j + 16. Let x be u(-17). Calculate d(x).
-6
Suppose 2*o + 2*o - 20 = 0. Suppose 0*g - o*g = 0. Let r(k) be the second derivative of k**5/20 - k**4/12 - k**3/6 - 3*k**2/2 + k. What is r(g)?
-3
Let x(l) be the third derivative of 0 - 5/6*l**3 + 1/24*l**4 - l**2 + 0*l. Let u be -1 + (-1 - -3 - -2). Give x(u).
-2
Let k(d) = d**3 + d**2 - 4*d - 1. Let c(p) = p**3 + 7*p**2 - 9*p - 3. Let j be c(-8). Let x = j - 8. Determine k(x).
-7
Let f be (42/(-4))/(23 + -26). Let n(j) be the second derivative of -5/12*j**4 + 0 + 2*j + 1/20*j**5 - f*j**2 + 1/6*j**3. Calculate n(5).
-2
Let d(m) = -m. Let l(c) = -c**3 + c**2 + c. Let t(o) = 7*o**3 - 6*o**2 - 8*o - 5. Let a(g) = 6*l(g) + t(g). Let z(q) = a(q) - 2*d(q). What is z(0)?
-5
Suppose f - 10 = -4*f. Suppose 0 = 3*v + 5*c + 17, -v - f = -2*c - 11. Let z(y) = y + 2 + 3 - 6 - v. What is z(2)?
0
Let m be ((-2)/(-4))/(9/(-54)). Let o(w) = 7*w + 4. Give o(m).
-17
Suppose 2*n - 5*j - 21 = -2*n, 0 = -5*n - 5*j + 60. Let v = -8 + n. Suppose -1 - v = d. Let b(m) = 4*m + 3. What is b(d)?
-5
Suppose -4*v + 5*x - 18 + 49 = 0, -v - 5 = 3*x. Let t be (-9)/4 - (-1)/v. Let z(f) be the third derivative of -f**4/24 - 2*f**3/3 + 2*f**2 + 61. Determine z(t).
-2
Let u = -8 - -8. Let i(z) = z + 6. Determine i(u).
6
Let a(l) = -l**2 + 5. Let f(g) = 2*g**2 + 5*g + 2. Let s be f(-3). Suppose 12 = -2*b + s*b. What is a(b)?
-11
Let q(a) = 2*a - 7. Let w(r) = r - 4. Let v(s) = 4*q(s) - 9*w(s). Give v(0).
8
Let t(l) = -l**3 - 5*l**2 + 2. Let n be t(-5). Let x(c) = 22*c**3 + c**2 + 3 - 2*c - 4 - 23*c**3. Determine x(n).
-9
Let k(y) be the first derivative of -y**6/120 - y**5/30 + y**4/24 + y**3/6 + 3*y**2/2 + 3. Let g(j) be the second derivative of k(j). Determine g(-2).
-1
Let c(j) = 3*j + 5. Let v(r) be the first derivative of 9*r**2/2 + 14*r + 1. Let t(g) = -17*c(g) + 6*v(g). Calculate t(3).
8
Let q(n) = 8*n**2 + 16*n + 11. Let a(j) = -3*j**2 - 5*j - 4. Let o(l) = -11*a(l) - 4*q(l). Give o(7).
-14
Suppose 8 = 10*k - 12*k. Let b(p) = p**2 + 4*p + 2. Give b(k).
2
Suppose 0*k - k + 3 = -3*r, 30 = -3*k - 4*r. Let s(l) = l**2 + 5*l - 3. Let a be s(k). Let c(x) = x**3 - 5*x**2 + 3*x + 2. Give c(a).
-7
Let a(m) be the third derivative of -m**4/24 + m**3/3 + 3*m**2. Let p be a(4). Let i(o) = -2*o**3 - 3*o**2 - o 